f 2842358?
8
What is the hundreds digit of 734138?
1
What is the tens digit of 4286585?
8
What is the ten thousands digit of 14206336?
0
What is the ten thousands digit of 810686?
1
What is the units digit of 178531?
1
What is the hundreds digit of 22865960?
9
What is the millions digit of 13411399?
3
What is the tens digit of 256103?
0
What is the tens digit of 3016211?
1
What is the millions digit of 8999443?
8
What is the thousands digit of 811159?
1
What is the hundred thousands digit of 2231183?
2
What is the hundreds digit of 1040881?
8
What is the tens digit of 790068?
6
What is the ten thousands digit of 725791?
2
What is the tens digit of 317073?
7
What is the units digit of 399849?
9
What is the thousands digit of 27867?
7
What is the ten thousands digit of 6296568?
9
What is the tens digit of 19443660?
6
What is the hundreds digit of 318144?
1
What is the hundreds digit of 6633299?
2
What is the ten millions digit of 15395470?
1
What is the ten millions digit of 10806065?
1
What is the units digit of 3330561?
1
What is the ten thousands digit of 214724?
1
What is the thousands digit of 971227?
1
What is the tens digit of 179130?
3
What is the ten thousands digit of 1030698?
3
What is the thousands digit of 81630?
1
What is the ten thousands digit of 276595?
7
What is the hundred thousands digit of 582218?
5
What is the thousands digit of 26118848?
8
What is the hundreds digit of 175135?
1
What is the hundreds digit of 15174043?
0
What is the hundreds digit of 9270650?
6
What is the units digit of 1520525?
5
What is the millions digit of 10333438?
0
What is the units digit of 332782?
2
What is the ten thousands digit of 18701?
1
What is the units digit of 678111?
1
What is the hundreds digit of 3368773?
7
What is the thousands digit of 1726858?
6
What is the tens digit of 728625?
2
What is the thousands digit of 38155482?
5
What is the ten thousands digit of 671466?
7
What is the tens digit of 26411?
1
What is the millions digit of 7696415?
7
What is the hundreds digit of 53484?
4
What is the units digit of 726565?
5
What is the tens digit of 17443150?
5
What is the units digit of 3356534?
4
What is the tens digit of 10976140?
4
What is the hundred thousands digit of 249153?
2
What is the hundreds digit of 223346?
3
What is the units digit of 23149248?
8
What is the thousands digit of 6701659?
1
What is the hundred thousands digit of 6233018?
2
What is the hundreds digit of 13796654?
6
What is the thousands digit of 393711?
3
What is the tens digit of 391611?
1
What is the thousands digit of 5643901?
3
What is the thousands digit of 117908?
7
What is the millions digit of 1058879?
1
What is the ten thousands digit of 14525905?
2
What is the units digit of 2939929?
9
What is the units digit of 181530?
0
What is the units digit of 7587525?
5
What is the thousands digit of 21784?
1
What is the thousands digit of 3580342?
0
What is the tens digit of 680359?
5
What is the ten thousands digit of 80699?
8
What is the millions digit of 3551443?
3
What is the thousands digit of 1424611?
4
What is the thousands digit of 717185?
7
What is the ten thousands digit of 6627545?
2
What is the ten thousands digit of 3880103?
8
What is the thousands digit of 2361183?
1
What is the hundreds digit of 14316?
3
What is the units digit of 6068683?
3
What is the millions digit of 31560226?
1
What is the thousands digit of 337419?
7
What is the units digit of 21031348?
8
What is the hundred thousands digit of 5426017?
4
What is the ten thousands digit of 3949375?
4
What is the thousands digit of 47046?
7
What is the thousands digit of 13112990?
2
What is the ten thousands digit of 6222966?
2
What is the thousands digit of 941075?
1
What is the hundreds digit of 19286?
2
What is the hundred thousands digit of 686934?
6
What is the tens digit of 1163369?
6
What is the ten thousands digit of 343040?
4
What is the ten thousands digit of 445546?
4
What is the hundred thousands digit of 408047?
4
What is the units digit of 151787?
7
What is the thousands digit of 722528?
2
What is the hundreds digit of 26723580?
5
What is the thousands digit of 343455?
3
What is the hundreds digit of 1926872?
8
What is the tens digit of 21178783?
8
What is the hundreds digit of 6768448?
4
What is the tens digit of 15283206?
0
What is the tens digit of 233887?
8
What is the tens digit of 2975633?
3
What is the ten thousands digit of 755046?
5
What is the units digit of 1132179?
9
What is the hundreds digit of 16578861?
8
What is the ten thousands digit of 11368120?
6
What is the units digit of 56116?
6
What is the hundreds digit of 9292199?
1
What is the ten thousands digit of 792267?
9
What is the tens digit of 653491?
9
What is the ten thousands digit of 3071734?
7
What is the hundreds digit of 521766?
7
What is the units digit of 92934?
4
What is the tens digit of 1215651?
5
What is the hundreds digit of 170798?
7
What is the hundred thousands digit of 1401218?
4
What is the hundreds digit of 3892881?
8
What is the ten thousands digit of 677836?
7
What is the units digit of 2493881?
1
What is the thousands digit of 4290269?
0
What is the thousands digit of 775273?
5
What is the ten thousands digit of 30560948?
6
What is the tens digit of 1297004?
0
What is the tens digit of 11519?
1
What is the tens digit of 346459?
5
What is the ten thousands digit of 107605?
0
What is the tens digit of 2828507?
0
What is the tens digit of 934917?
1
What is the hundreds digit of 3964421?
4
What is the hundreds digit of 340305?
3
What is the hundred thousands digit of 6055908?
0
What is the thousands digit of 79341?
9
What is the thousands digit of 36748?
6
What is the ten thousands digit of 5310269?
1
What is the ten thousands digit of 12149788?
4
What is the hundreds digit of 195848?
8
What is the thousands digit of 201243?
1
What is the hundreds digit of 31255192?
1
What is the hundred thousands digit of 13656677?
6
What is the thousands digit of 8805057?
5
What is the ten thousands digit of 27305?
2
What is the tens digit of 24968?
6
What is the ten thousands digit of 1610602?
1
What is the tens digit of 41044?
4
What is the units digit of 6945?
5
What is the thousands digit of 2774929?
4
What is the tens digit of 490301?
0
What is the ten thousands digit of 176607?
7
What is the hundreds digit of 212548?
5
What is the hundreds digit of 4437066?
0
What is the units digit of 9632456?
6
What is the hundred thousands digit of 705104?
7
What is the hundreds digit of 307087?
0
What is the ten thousands digit of 104379?
0
What is the hundreds digit of 289714?
7
What is the tens digit of 29310803?
0
What is the hundreds digit of 84141?
1
What is the hundreds digit of 954793?
7
What is the tens digit of 53497?
9
What is the thousands digit of 11465535?
5
What is the hundreds digit of 377396?
3
What is the hundreds digit of 7604739?
7
What is the hundreds digit of 657283?
2
What is the ten thousands digit of 21566490?
6
What is the thousands digit of 1847785?
7
What is the thousands digit of 824548?
4
What is the hundreds digit of 321404?
4
What is the tens digit of 35256?
5
What is the hundred thousands digit of 1559656?
5
What is the thousands digit of 442842?
2
What is the millions digit of 7326240?
7
What is the ten thousands digit of 1711265?
1
What is the tens digit of 756983?
8
What is the units digit of 14952805?
5
What is the hundreds digit of 940268?
2
What is the thousands digit of 597061?
7
What is the tens digit of 26454657?
5
What is the thousands digit of 571315?
1
What is the thousands digit of 3473424?
3
What is the tens digit of 297122?
2
What is the units digit of 198827?
7
What is the hundreds digit of 3083?
0
What is the ten thousands digit of 297794?
9
What is the hundred thousands digit of 118404?
1
What is the hundred thousands digit of 343912?
3
What is the hundred thousands digit of 136164?
1
What is the ten thousands digit of 2068972?
6
What is the hundreds digit of 5458498?
4
What is the tens digit of 19652917?
1
What is the thousands digit of 514924?
4
What is the tens digit of 237542?
4
What is the hundreds digit of 2891550?
5
What is the tens digit of 46649?
4
What is the units digit of 1252386?
6
What is the hundreds digit of 777313?
3
What is the millions digit o